 = -a. Is l a multiple of 4?
True
Suppose -6 - 9 = 5*k. Let w be -6*(19/(-2) - k). Let a = -25 + w. Is a a multiple of 7?
True
Let j(q) = 10*q + 1. Let s be 3/(-6) - (-18)/4. Is 14 a factor of j(s)?
False
Is 4 a factor of ((-8)/(-2) + -2)*14?
True
Is 6 a factor of (5 - (7 - 3))*33?
False
Let z be 100/35*14/4. Let o = z - 8. Is -15*(o/2)/(-3) a multiple of 3?
False
Suppose 3*a + 9 + 25 = 4*v, 0 = -5*v - a + 33. Is v a multiple of 2?
False
Let o = -43 + -63. Suppose 5*b - 23 = 2*b + 5*l, 3*l + 15 = 2*b. Does 11 divide o/(-10) - b/(-15)?
True
Let s be 4*3/30*5. Let b be 5*-4*s/(-5). Suppose 2*n - 8 = b. Does 8 divide n?
True
Suppose -k + u = 4*k + 26, -2 = -2*u. Let p(w) = w**2 + 3. Does 14 divide p(k)?
True
Let b(r) = -15*r + 1. Let s be 0 + (2/1 - 1). Let c = -2 + s. Is b(c) a multiple of 9?
False
Let q(x) = -107*x - 42. Is 12 a factor of q(-3)?
False
Let n(s) = 224*s**2 - 6*s + 2. Is n(1) a multiple of 11?
True
Suppose c + 2 = 5*m, 4*m - 2 + 1 = c. Let n = c + -3. Suppose -2*y + n*y + 38 = 0. Is 7 a factor of y?
False
Suppose 4*o - 65 = -5*p, -p + 20 = 3*p. Is o even?
True
Suppose -5*x = -5*r - 4*x - 35, -x = 3*r + 13. Is 2 a factor of 2 + (-3)/6*r?
False
Let x = -15 + 7. Let j be 11/4 + x/(-32). Suppose u + m - 17 = 2*m, j*u + m = 67. Is u a multiple of 7?
True
Let o = 1 + 0. Let r be 2*(-2 - -3)*o. Suppose 4*b - r*w = 2*w + 24, -2 = -2*b - 3*w. Does 2 divide b?
True
Let x(c) be the second derivative of -3*c**5/40 - c**4/12 + c**3/3 + c. Let v(p) be the second derivative of x(p). Is 6 a factor of v(-2)?
False
Suppose -2*f = -7*f + 300. Is 6 a factor of f?
True
Suppose 2*r - 16 = -2*r. Let y(o) = 2*o**2 - 6*o + 2. Is y(r) a multiple of 4?
False
Suppose 0 = -9*b + 2*b + 42. Is 3 a factor of b?
True
Let u(a) = -6*a**3 - 8 - a + 5*a**3 - 7*a**2 + 4*a. Is u(-8) a multiple of 8?
True
Let t(h) = h**3 - 2*h**2 - 8*h - 8. Let a(w) = w**3 - 2*w**2 - 9*w - 8. Let p(f) = 2*a(f) - 3*t(f). Does 27 divide p(-4)?
False
Suppose 0 = 3*m - 34 + 217. Let f = -37 - m. Suppose 0 = 3*s - 0*s - f. Is s a multiple of 8?
True
Let p = -62 + 121. Suppose 3*t - 141 = -4*a, 4*t + p = 2*a - a. Is a a multiple of 14?
False
Does 5 divide ((12 - 1) + 0)*(-4)/(-4)?
False
Suppose -4*i + 2*d - 7*d = -606, 5*i + 4*d - 762 = 0. Let u = -104 + i. Is 13 a factor of u?
False
Let w(q) = -5*q**2 + 29*q + 44. Let r(i) = i**2 - 6*i - 9. Let d(t) = -11*r(t) - 2*w(t). Let f be d(9). Does 9 divide 1*16 + (0 - f)?
False
Suppose 24 = 23*z - 17*z. Is 2 a factor of z?
True
Let t be (-4)/(-3)*51/(-34). Let q(y) = -22*y - 5. Does 19 divide q(t)?
False
Is ((-2)/(-2))/((-15)/(-45)) a multiple of 2?
False
Suppose 5*q + 0*q - 5*l - 10 = 0, -2*q - l + 1 = 0. Let t be 2 + (1 - 1) + 3. Is t/(1/4*q) a multiple of 6?
False
Suppose -37*a = -30*a - 1785. Is 48 a factor of a?
False
Let x(d) be the third derivative of -d**8/20160 - d**7/840 + d**6/240 + d**5/60 + 4*d**2. Let l(a) be the third derivative of x(a). Is l(-5) a multiple of 4?
True
Let z(b) = 5*b + 63. Is 7 a factor of z(10)?
False
Let q(d) = -d - 3 + 6*d + d. Suppose 2*o - 2 - 8 = 0. Does 9 divide q(o)?
True
Suppose -5*w + 65 = 2*o, 4*o + 0*w = 3*w + 117. Suppose 5*s + o = -5*c + 80, -5*s + 15 = -2*c. Is s even?
False
Suppose 6*s = 2*s. Is s/(0 - 2) - -67 a multiple of 16?
False
Let z = -8 - -21. Let k = -12 + 17. Let v = z + k. Is 12 a factor of v?
False
Suppose 0 = -3*d + 4*d - 46. Suppose 4*x - 3*k = 23, 2*x - k - 14 = 3*k. Suppose x*w - 29 = d. Is 5 a factor of w?
True
Suppose -4*j = -3*j - 5. Suppose -3*a + 13 = -j. Is a/(-2*1)*-2 a multiple of 6?
True
Let w be 0*(-1)/(-4) + 2. Suppose 0 = 3*f - w*f - 100. Is f a multiple of 25?
True
Let q(p) = 5*p**2 - 3*p. Let l be q(3). Let h = l - 18. Is 15 a factor of h?
False
Let r = 43 + -24. Suppose 0 = -5*l + r + 11. Is 6 a factor of l?
True
Let q(b) = -3*b**3 - 6*b**2 + 5*b + 6. Let y(z) = -4*z**3 - 7*z**2 + 4*z + 6. Let d(x) = -3*q(x) + 2*y(x). Does 2 divide d(-5)?
True
Suppose 0*t = 2*t. Suppose -3*a + a + 18 = t. Does 9 divide a?
True
Let i(l) = 2*l - 9. Let d be i(6). Suppose -m + j = -5, -j = -d*j - 4. Suppose -m*n = -103 + 25. Is 16 a factor of n?
False
Suppose 0 = -5*p - 0*p + 25. Does 5 divide p?
True
Suppose 0 = -2*k + 4*k - 356. Is 11 a factor of k?
False
Let j be 4/(-2) + 4 + 0. Suppose s - 120 = -j*s. Is s a multiple of 25?
False
Suppose -5*d - 27 = -g, 125 - 17 = 4*g + d. Suppose 4*l = -3*f + 85, 4*f + g = -2*l + 127. Is f a multiple of 14?
False
Let q(y) = -1 + 1 - 26*y + 1. Let p be q(-1). Is ((-2)/1 - 1) + p a multiple of 13?
False
Let b(c) = 2*c**2 - 5*c - 1. Let q be b(-5). Let n = 10 + -63. Let m = q + n. Is 7 a factor of m?
True
Let j(n) = 5*n - 35. Let z(b) = -b + 7. Let f(a) = -2*j(a) - 11*z(a). Let u be f(4). Let o(r) = 3*r**2 + 4*r + 1. Does 5 divide o(u)?
False
Let q be (-3)/(-9) + (-223)/3. Suppose -4*v = w - 86, -w + 76 = 5*v - 5. Let k = w + q. Does 16 divide k?
True
Let c be 5*1/((-15)/84). Let v = c + 48. Is 10 a factor of v?
True
Suppose 3*x - 336 = -x + 5*p, 0 = 2*x + 2*p - 150. Let i(y) = 4*y - 16. Let d be i(14). Let k = x - d. Is k a multiple of 15?
False
Let b(r) be the second derivative of -5*r**3/6 - 7*r**2/2 - 2*r. Is b(-5) a multiple of 7?
False
Let q(w) = -w**2 + w**3 + 20*w - 18*w + 0 - 1. Does 5 divide q(2)?
False
Suppose 4*s - 306 = -2*l, 3*s - 223 = -l + 5. Is s a multiple of 5?
True
Suppose -3*s = -4*f + 3, s = -s + 3*f - 1. Let w = s - -9. Suppose 16 = w*h - 2*h. Does 4 divide h?
True
Let o = 114 - 41. Is 17 a factor of o?
False
Let l(a) = -2*a. Let i be l(1). Let c = 6 + i. Does 2 divide c?
True
Let w(s) be the second derivative of s**3/6 + 21*s**2/2 - s. Does 7 divide w(0)?
True
Let l be (0 - (-1 - -2)) + -3. Let b(p) = -2*p - 3. Let s be b(l). Suppose 36 = s*g + 1. Is g a multiple of 4?
False
Let y = 18 - 13. Is y a multiple of 5?
True
Let l(k) = 8 + 0*k - 2*k - 3*k. Is 23 a factor of l(-6)?
False
Let l(h) = 22*h**2 + 3*h - 5. Let s(c) = -33*c**2 - 4*c + 7. Let a(t) = -7*l(t) - 5*s(t). Does 6 divide a(-1)?
True
Let k = 194 - 62. Let i = -24 + k. Let s = i - 54. Is s a multiple of 19?
False
Let t be (-6)/(-1 + (-3)/(-12)). Suppose -t - 52 = -5*l. Does 12 divide l?
True
Suppose 4*y = 9*y - 750. Does 30 divide y?
True
Suppose -8*f = -14*f + 348. Is 21 a factor of f?
False
Let q = -34 + 22. Let y be ((-50)/3)/(8/q). Is (-20)/y*10/(-4) even?
True
Let f(h) = -h**3 + 8*h**2 - 3*h - 2. Is f(6) a multiple of 13?
True
Suppose 4*h + 0*y + 3 = -3*y, -4*y - 17 = h. Let j = 3 - h. Suppose m = -j*m + 43. Is m a multiple of 17?
False
Let g be (-3 - 5/(-2))*-26. Suppose -i = -2*j + 8, i + 6 - g = -j. Does 5 divide j?
True
Let f = -96 - -194. Let v = f + -70. Is v a multiple of 20?
False
Let z be (-1)/1*-79*1. Suppose -5*t + 2*s + z = 0, 2*t + 3*s - 31 = 4*s. Is t a multiple of 14?
False
Suppose 0 = z - 2*z + 33. Does 11 divide z?
True
Let s be (-3)/(30/8 - 3). Let v = 8 + s. Suppose 3*t = 2*x - 36, x + 2*t - 15 = -v. Does 14 divide x?
False
Let p be 2/(-3)*9/(-2). Suppose -m = x - 11, 0*m + p*m = 4*x + 33. Suppose -2*o - m = -29. Is o a multiple of 9?
True
Let f = -14 - -14. Suppose f = 3*z - 56 - 58. Does 19 divide z?
True
Let a(c) = c**2 - 6*c - 3. Let d be a(-5). Suppose o = 3*o - d. Is o a multiple of 13?
True
Let b = 19 + 28. Does 5 divide b?
False
Let w = 3 + -4. Let v = w - -4. Suppose -7*n + v*n + 96 = 0. Is 8 a factor of n?
True
Suppose 0 = -4*c + 8*c - 8. Suppose -2*a + 7*a = 0. Suppose -3*n + 2*n + 1 = a, 0 = z + c*n - 40. Is 19 a factor of z?
True
Let p be -3 + 92 + (3 - 1). Suppose -2*w = -265 + p. Is w a multiple of 13?
False
Suppose -5*f + 270 = -10*f. Let o = f - -120. Suppose 0 = -5*m - 0 + 15, -o = -3*h - 2*m. Is h a multiple of 10?
True
Is (1/1)/((-7)/(-49)) a multiple of 4?
False
Suppose -q + 2*c - 1 + 22 = 0, -5*q - 5*c = -105. Does 21 divide q?
True
Suppose 3*p - 30 = 33. Let o = 23 + p. Is 11 a factor of o?
True
Let m = -74 + 122. Is 8/m + (-142)/(-12) a multiple of 6?
True
Let u = 56 + -14. Let y = u - 25. Is y a multiple of 10?
False
Let r(y) = -6*y**2 + 0*y**2 + 4*y**2 + y**2 + 1 + 12*y. Let w be r(9). Suppose 3*t = w + 11. Does 9 divide t?
False
Let c(z) = -z**3 + 6*z**2 - 5*z + 5. Let u be c(5). Suppose u*i - 94 = -4*x, 4*x + 2 = -2*i + 42. Is i a multiple of 9?
True
Let r(f) be the second derivative of f**5/20 - f**4/2 + f**3/2 + 2*f